
Suppose 0 = 15*u - 20*u + 2085. List the prime factors of u.
3, 139
Suppose c + 3*d + 1 = -0*c, 4*c = 5*d - 4. Let v = 29 - 47. Let q = c - v. List the prime factors of q.
17
Let y(t) = 6*t + 4. Let j be y(17). Suppose -2*n + 2 = -2, -j = -2*u - 5*n. List the prime factors of u.
2, 3
Suppose -2*a + 6*a + z - 7909 = 0, -5*z - 7879 = -4*a. What are the prime factors of a?
2, 13, 19
List the prime factors of 645 + 2/(((-7)/2)/7).
641
Let d(s) = 96*s + 569. List the prime factors of d(25).
2969
Suppose -23*h = -32*h + 11070. What are the prime factors of h?
2, 3, 5, 41
Suppose -5*v - 2*l = 86, -2*l = -2*v - 4*l - 32. Let h = v + 101. List the prime factors of h.
83
Let b(p) = p**3 + 7*p**2 - 4*p - 14. Let r be b(-6). Let h = r + -5. List the prime factors of h.
41
Let d(j) = 56*j + 51. What are the prime factors of d(5)?
331
Let u = 89 + -89. Suppose 0 = -3*n + t + 482, u*t + 4 = -2*t. List the prime factors of n.
2, 5
Let u be (3/9)/((-1)/(-12)). Suppose -l + 2*y + 13 = u*l, -5*l + 3*y + 12 = 0. Suppose 0 = l*i + 3 - 69. What are the prime factors of i?
2, 11
Let q be (4 - 9)*19 + 1. What are the prime factors of -14 - q - -1*1?
3
Let a(s) = s + 3. Let f be a(0). Suppose -7*l = -f*l - 332. What are the prime factors of l?
83
Let i = 89 + -83. Suppose -4*x + 5*x + 22 = 0. What are the prime factors of (x/i)/((-1)/9)?
3, 11
Suppose 2 = 5*u - 13. Suppose -x - 38 = -2*z, -31 = -u*z + x + 27. Suppose -4*n + z = 3*p - 10, -2*p - 13 = -n. What are the prime factors of n?
3
Let s = 349 - -369. What are the prime factors of s?
2, 359
Suppose 54*t = 47917 - 4069. What are the prime factors of t?
2, 7, 29
Suppose 3*t - 804 = -k, -4*k + 85 + 3163 = -4*t. What are the prime factors of k?
2, 3, 5
Suppose 0 = -27*n + 30*n - 156. Suppose -13 - n = -b. What are the prime factors of b?
5, 13
Let w(a) = 2*a**3 + 485*a**2 - 2 - 3*a - 470*a**2 + 7*a + a. List the prime factors of w(-6).
2, 19
Let c(l) = l**2 - 10*l + 3*l + 2*l + 2*l + 5. What are the prime factors of c(7)?
3, 11
Suppose 5*l - 1248 - 1362 = -5*q, 4*l + 2088 = 4*q. List the prime factors of q.
2, 3, 29
Let i(y) = 5*y**2 + 13*y - 277. List the prime factors of i(-23).
2069
Suppose 10*x + 63 = 563. Suppose -47*f - 15 = -x*f. List the prime factors of f.
5
Suppose -5642 = -11*z + 4786. List the prime factors of z.
2, 3, 79
Let k(x) = -x**2 + 20*x + 4. Suppose -t = 4*t - 85. List the prime factors of k(t).
5, 11
Let m(i) = -3*i + 11. What are the prime factors of m(-24)?
83
Let b be ((-532)/(-42))/((-2)/6). Let c be -11 + 1/(1/2). Let l = c - b. List the prime factors of l.
29
Suppose 0 = 16*j - 3779 - 27117. List the prime factors of j.
1931
Suppose -18*o - 6095 = -5*a - 20*o, -2*o - 1219 = -a. List the prime factors of a.
23, 53
Suppose 3*v = 5*j - 5, 4*v + 3 = 2*j + 1. Let o be -3 + 3/(-3) - (-34 + 2). List the prime factors of j/2*-4 + o.
2, 13
Let c = -25 + 36. List the prime factors of (14/1)/(c/33).
2, 3, 7
Let b = -247 - -357. Let k = 173 - b. List the prime factors of k.
3, 7
Let s(y) be the third derivative of 1/3*y**3 + 1/12*y**5 - 6*y**2 + 1/120*y**6 - 1/24*y**4 + 0 + 0*y. List the prime factors of s(-3).
23
Suppose 3*s - 5*y = 4*s + 3, 2*y + 11 = s. Suppose s*k = 1112 - 20. List the prime factors of k.
2, 3, 13
Let a be -8*(15/12)/(-5). Let m be a/(-6) + (-10)/15. List the prime factors of 22/(0 + m - -3).
11
Let o(c) = 88*c - 2. Let w be o(6). Suppose -w = -5*a - 71. Suppose 95 = 3*p - 2*z, -4*p + z = -p - a. What are the prime factors of p?
29
Suppose -2*s - o + 7833 = 0, -5*o - 164 = -169. List the prime factors of s.
2, 11, 89
Let m(y) = -y**3 - 19*y**2 - y - 14. Let a be m(-19). List the prime factors of (-1)/a + 1372/35.
3, 13
Let m = -149 - -847. What are the prime factors of m?
2, 349
Suppose 286 + 79 = -5*b. Let c = b - -143. What are the prime factors of c?
2, 5, 7
What are the prime factors of (-2 + (-52)/(-20))/(3/345)?
3, 23
Let o(i) = -i**3 + 27*i**2 - 8*i + 34. List the prime factors of o(25).
2, 271
Let b(g) = -g**3 - 5*g**2 + 4*g + 65. What are the prime factors of b(-9)?
353
Let q(x) = -x**2 - 13*x - 12. Let h be q(-13). Let i be (23 - -3)/(8/h). List the prime factors of (-1125)/i - 2/(-13).
29
Let p(t) = -t**3 + 11*t**2 + 13*t - 17. Let q be p(12). Let k(y) = y**2 + 2*y + 15. List the prime factors of k(q).
2, 3, 5
Let l = -248 + 398. What are the prime factors of l?
2, 3, 5
Suppose -19 = -7*x - 54. List the prime factors of (-353)/(-5) + (-2)/x.
71
Let q be 4/6*5*6. Suppose 5*y - 22 - q = -z, 240 = 4*z + 2*y. Suppose 3*l = 4*h + 72 + 5, h = 3*l - z. List the prime factors of l.
19
Let r(k) = k**2 + 5*k. Let n be r(-5). Let p be n + -1 + 7 + -6. Suppose p*u - 22 = -u. What are the prime factors of u?
2, 11
Let m be (-3 - (-6 - -3)) + 3. Let k(t) = -2*t**2 + 2*t + 4. Let y be k(m). Let i = 13 + y. List the prime factors of i.
5
Let h(w) = w**3 + 15*w**2 - 17*w - 11. Let o be h(-16). Suppose -o*y - 5*y + 1720 = 0. List the prime factors of y.
2, 43
What are the prime factors of (-2 - (-2231)/5) + 5/(-25)?
2, 3, 37
Suppose 5*c = -2*l - 0*c + 357, 0 = 4*l + 3*c - 721. List the prime factors of l.
181
What are the prime factors of -2*((-860879)/954 - (-2)/(-18))?
5, 19
Let s(n) = 106*n + 260. List the prime factors of s(37).
2, 3, 17, 41
Suppose -1298 = -7*m + 1250. Let z = -51 + m. List the prime factors of z.
313
Let t(d) = d**2 - 8*d - 16. Let f be t(10). Suppose 9*h + 2 = 8*h, -f*h + 784 = 4*p. List the prime factors of p.
2, 3, 11
Let q = -784 + 1494. List the prime factors of q.
2, 5, 71
Let q = 72 + -78. Let f(s) = -2*s**3 - 7*s**2 - 10*s - 21. List the prime factors of f(q).
3, 73
Suppose -i = 2*i. Suppose i = g - 15 - 92. What are the prime factors of g?
107
Let h = 1118 + -531. What are the prime factors of h?
587
What are the prime factors of ((-20562)/(-15))/(8*11/220)?
23, 149
Let h(f) = -170*f - 244. What are the prime factors of h(-10)?
2, 7, 13
List the prime factors of ((-1)/((-3)/1))/((-3)/(-567)).
3, 7
Suppose 2*n - 372 = 11*v - 8*v, -2*n + 2*v + 376 = 0. List the prime factors of n.
2, 3
Suppose 46*q + 42454 = 178338. What are the prime factors of q?
2, 7, 211
Let c be 576/(-42) - (-4)/(-14). What are the prime factors of 8/c - 137/(-7)?
19
Let y = 18 - 51. List the prime factors of (-2 - -1)*(4 + y).
29
Let h(m) = m + 17. Let l be h(-17). Suppose 0 = r - 5*c - 253, 5*r + 3*c + l*c = 1349. List the prime factors of r.
2, 67
Let l(h) = h**3 + 8*h**2 - 15*h + 35. What are the prime factors of l(7)?
5, 7, 19
Let l = -16 - -19. What are the prime factors of (-2)/(l - 7)*170?
5, 17
Let p = -201 - -415. Suppose 7*o - 9*o = -p. What are the prime factors of o?
107
Let n(y) = y**3 + 9*y**2 - 33*y - 4. List the prime factors of n(-7).
5, 13
List the prime factors of ((-21)/2)/((-9)/1278).
3, 7, 71
Suppose -4*q = -51 + 31, -q + 3773 = 4*c. List the prime factors of c.
2, 3, 157
Suppose 18*x = 26*x. What are the prime factors of (x - -1 - -1)*14?
2, 7
Suppose -3*r = -4*o - 115, -3*r + r - 5*o = -92. Suppose -12*q + 11*q + r = 0. What are the prime factors of q?
41
Suppose -9*f - 5*f = -7476. What are the prime factors of f?
2, 3, 89
Let z be 1/(-2)*14*-2. Let s = -19 - z. Let l = s - -46. What are the prime factors of l?
13
Let u = 45 - 37. Suppose 0 = s + u*s - 909. What are the prime factors of s?
101
Suppose -5*z = x - 15, 5*z + 5*x - 33 = z. Suppose z*o = -o + 54. List the prime factors of o.
2, 3
Suppose -13613 = -5*j - 4*r, 76*j = 71*j - 2*r + 13619. List the prime factors of j.
5, 109
Suppose 510*i + 9568 = 536*i. What are the prime factors of i?
2, 23
Let l(x) be the second derivative of x**4/12 + x**3/3 - 19*x**2/2 - 12*x. What are the prime factors of l(-17)?
2, 59
Let f = 50 - 29. Let o = 11 - f. List the prime factors of ((-48)/(-15))/(o/(-25)).
2
Let r(g) = -g + 2. Let a be r(-3). Let n(q) = q**3 - 5*q**2 + 9*q - 12. Let b be n(a). Suppose -8*t + b = -5*t. List the prime factors of t.
11
Suppose 64 = 4*h - 2*q + 4*q, -2*q + 22 = h. Suppose c - 23 = 2*i, -2*i - h = 5*c - 3*c. Let f = i - -23. List the prime factors of f.
13
Let s(k) = k + 10. Let g be s(-7). Suppose -2 = -5*y + g*y. What are the prime factors of 31*(y + 0/(-2))?
31
Let a(g) = g**3 - 6*g**2 + g - 7. Let n be a(6). Let r(k) = k - 1. Let z(l) = 21. Let v(d) = n*z(d) - 21*r(d). What are th